= 4*h - 3*u - 72, 3*h - h - 36 = -3*u. What is the greatest common divisor of f and h?
6
Suppose 0 = 2*l - 0*l - 10. Suppose -2*w + 3 = -5*w, 0 = -5*x - l*w + 20. Let c(o) = o + 3. Let b be c(x). Calculate the greatest common factor of b and 64.
8
Let u(c) = 3*c**2 - 3*c - 2. Let a be u(3). Let r(q) = -11 + 7*q + 1 - 2 + q**2 - 10. Let n be r(11). Calculate the highest common factor of n and a.
16
Let s(m) = 3*m**3 - 36*m**2 + 2*m + 9. Let d be s(12). Suppose 30*n = d*n - 180. Calculate the greatest common factor of n and 36.
12
Let k(v) = v**3 + 8*v**2 - 9*v + 3. Let d be k(-9). Suppose -9 + 0 = -d*x. Suppose -55 = x*n - 4*n. Calculate the greatest common factor of n and 11.
11
Let m = 105 + -53. Calculate the highest common divisor of 65 and m.
13
Let o = 431 + -123. Calculate the greatest common divisor of 84 and o.
28
Suppose 5*k - 3*o - 410 = 0, 5*k + 4*o = -50 + 460. Suppose k = 2*r - 2*h, 4*r - 163 = 2*h + h. What is the highest common factor of r and 40?
40
Let u = 211 + -42. What is the highest common factor of 39 and u?
13
Let y(c) = 8*c + 133. Let a be y(-15). Calculate the highest common factor of a and 104.
13
Let r be (8/12)/((-2)/3). Let p = r + 11. Suppose -2*a = 3*a - 10. Calculate the greatest common divisor of p and a.
2
Let l = -1 + 4. Let y be (1*l + -5 + 3)*153. Calculate the greatest common factor of 9 and y.
9
Let y(x) = x**3 + 36*x**2 + 40*x - 61. Let l be y(-32). Calculate the highest common factor of l and 95.
95
Let n(p) = -p + 7. Let a be n(10). Let j be 896/48 + 2/a. Calculate the highest common divisor of j and 9.
9
Suppose 0 = 4*s - c - 274, 0 = -3*c - 4 - 2. Calculate the highest common divisor of s and 425.
17
Let v = -49 - -22. Let t = v + 45. What is the greatest common factor of 9 and t?
9
Let s = -2426 + 2447. Suppose u + 5 = 47. Calculate the highest common divisor of u and s.
21
Let i(k) = -k**2 - 18*k - 15. Let o be 34/(-68)*1*34. Let u be i(o). What is the greatest common factor of 2 and u?
2
Let d be (3 - (-1056)/30) + 3/(-15). What is the greatest common divisor of d and 418?
38
Let s(d) = 2*d + 3*d - 4 + 3 + d. Let c be s(8). Suppose 3*o = 7*o - 5*w - 121, 0 = -3*o - 5*w + c. What is the greatest common factor of o and 36?
12
Let a = -2050 + 2120. Let b(j) = j**3 + 2. Let f be b(2). Calculate the highest common factor of f and a.
10
Let h be (1*4)/(-6 - -8). Suppose 4*n + 18 = h*o, -2*o + 5*n = -7*o + 60. Let g = 2 - -20. Calculate the highest common factor of g and o.
11
Let v(c) = c**3 - 16*c**2 + 29*c - 6. Let o be v(14). Calculate the highest common factor of 5 and o.
1
Suppose -7 - 3 = -2*g. Suppose 0 = g*z - 10*z + 20. Calculate the greatest common divisor of 36 and z.
4
Suppose -18*b - 1279 = -5815. Calculate the greatest common divisor of b and 72.
36
Suppose -22*b - 44 = -24*b. Calculate the greatest common factor of b and 1078.
22
Suppose 16*p - 43 = 533. What is the highest common factor of 24 and p?
12
Let m be ((-3710)/(-10))/(-6 - -7). What is the greatest common divisor of m and 7?
7
Suppose 13*r - 240 = 17*r. Let t = -36 - r. What is the greatest common factor of 36 and t?
12
Suppose 13*t - 8*t + 4*n = -5, 4*n = 2*t - 26. What is the highest common factor of t and 39?
3
Let r(m) = -3*m + 3. Let h be r(0). Suppose 35 = 2*y - 3*x, -2*x - 9 - 51 = -h*y. What is the greatest common factor of 11 and y?
11
Let f = 36 - 33. Suppose 5*a - o = 10, f*a - 23 = 2*a - 4*o. Suppose -k = -3*k + 18. Calculate the greatest common divisor of a and k.
3
Suppose f = -2*b - 2, f - 4*b - 10 = 2*f. Suppose 0 = -5*a - 73 - 112. Let r = a + 67. Calculate the highest common divisor of f and r.
6
Let i = -487 - -291. Let m be (i/21)/((-1)/3). Suppose -4*o - 2*w + 272 = 0, -2*o - 3*o = w - 346. What is the greatest common divisor of o and m?
14
Suppose -10*z = -39*z + 377. Suppose 2*p = 2*q + 20, 2*q + 2*q - 77 = -5*p. What is the highest common factor of p and z?
13
Suppose 0 = -135*h + 129*h + 192. Let x(g) = g**3 - 2*g**2 + 48. Let w be x(0). Calculate the highest common factor of w and h.
16
Suppose x - 2*d + 3*d - 199 = 0, 0 = x - d - 193. What is the greatest common divisor of 308 and x?
28
Let c = -3 - -9. Let n(m) = m - 1. Let q be n(c). Suppose -47 = q*i - 142. What is the greatest common divisor of 209 and i?
19
Suppose -2*d = -b - 1741, b - 872 = 2*d - 3*d. What is the greatest common divisor of d and 13?
13
Let s(b) = -b**3 + 2*b**2 + 3*b + 2. Let c be s(3). Suppose 0 = 3*d + c*z - 1, -4 = 5*z + 1. What is the highest common divisor of d and 7?
1
Suppose -v + 5 = -o - 5, -4*v + 3*o + 44 = 0. Let t = -862 + 890. Calculate the highest common factor of t and v.
14
Let f = 1532 + -1477. Calculate the greatest common factor of f and 30.
5
Let z be (-58)/(-5) + (-9)/15. Suppose -2*g - 17 = 2*g - 5*d, 5*d = 2*g + z. Let r be 11 - 10 - (g + -1). What is the greatest common factor of r and 2?
1
Let h be 54/(-81) - 1923/(-9). What is the greatest common divisor of 71 and h?
71
Let b(r) = 2*r**2 + 25*r + 12. Let f be b(-19). Let m = f + 5. Let k = 52 + -28. Calculate the highest common factor of k and m.
24
Let l(h) = -h + 4. Let q be l(-5). Let n = q - -1. Let j(i) = 17*i - 111. Let y be j(13). Calculate the highest common divisor of n and y.
10
Let f(i) = 3*i**3 - 6*i**2 + 3*i - 6. Let j be f(4). Let h(x) = 4*x**2 + 6*x - 2. Let o be h(-5). Calculate the highest common factor of j and o.
34
Suppose -20 = -v - 0*v. Suppose -2*j - 2*o + 8 = -0, j - 16 = 2*o. Calculate the greatest common factor of j and v.
4
Let f(n) be the third derivative of -n**5/60 + n**4/12 + 35*n**3/3 + 8*n**2. Let a be f(0). Calculate the highest common factor of 14 and a.
14
Let l = -31 - -91. Suppose l = d + 3*a, -d + 4*a + 55 = 9. Calculate the greatest common divisor of 6 and d.
6
Suppose 0 = -f - 2*f + 33. Let r = 59 + -56. Suppose k = r*k - 2. Calculate the greatest common divisor of k and f.
1
Let j = 221 - 218. What is the highest common factor of 93 and j?
3
Suppose 48*f - 46*f - 36 = 0. What is the highest common factor of 261 and f?
9
Let v be (6 - 0) + (-3 - 0). Let g be v + 8 + 1/1. Suppose -8*o - o = -162. Calculate the greatest common factor of o and g.
6
Suppose -33*r + 480 = -23*r. Calculate the highest common factor of r and 128.
16
Let b be (-2)/(-2)*-4 + (-1 - -134). What is the greatest common factor of b and 172?
43
Let q = 439 - 183. Suppose -180 = -3*h + h - 5*u, -4*u + q = 3*h. What is the greatest common factor of h and 10?
10
Let b = 6 + -3. Let w be (0/(-1) + (-60)/(-4))*1. Suppose -b*s = -2*s - w. Calculate the greatest common divisor of s and 105.
15
Let g = -827 + 1067. What is the highest common factor of g and 90?
30
Let q(t) = 0*t**3 + 15 - 4*t**3 + 4*t**3 + 8*t**2 - 8*t - t**3. Let b(f) = -f + 7. Let c be b(0). Let z be q(c). What is the greatest common factor of z and 56?
8
Suppose -w - l = 34, -2*w - 2*l - 67 = l. Let g be (-6)/15 - 364/w. What is the greatest common divisor of g and 4?
2
Suppose 9*r + 6*r = 34860. What is the greatest common divisor of 28 and r?
28
Let w = -9 - -11. Let r be (3 - w) + (-44)/(-2). Calculate the highest common divisor of 207 and r.
23
Let p(d) = d**2 + 4*d + 3. Let n be p(-3). Suppose n = -4*l - 12, 0*q + 2*l = -q + 34. What is the highest common factor of 5 and q?
5
Let y be (-21)/35 - 6/15. Let t be y*((-4 - -4) + -20). What is the highest common factor of 16 and t?
4
Let p(k) = 5*k**3 + 2*k - 3*k**2 - 13 - 10*k**3 + 6*k**3. Let n be p(4). What is the highest common divisor of 99 and n?
11
Let q = -8 - -11. Suppose -19 = -q*x + 2*d, 3*d + 8 + 7 = 0. Suppose -4*p - t + 13 = 0, -2*t + 4*t - 17 = -5*p. Calculate the greatest common factor of x and p.
3
Let r = 763 - 539. Let w(z) = 76*z - 5382. Let d be w(71). Calculate the greatest common factor of r and d.
14
Let f be (-12504)/(-15) + 66/(-110). What is the highest common divisor of 595 and f?
119
Let i(j) = -j**3 + 16*j**2 - j + 10. Let s be i(15). What is the greatest common factor of s and 260?
20
Let a(u) = 4*u**2 - 28*u + 64. Let g be a(16). What is the greatest common factor of 20 and g?
20
Let j(w) = 6 + 6*w + 5*w - 8*w + w. Let b be j(6). Let i be ((-4)/10)/((-2)/b). What is the highest common factor of 6 and i?
6
Suppose 13*s = 103 + 66. Let u(r) = -r + 26. Let g = 1 + -1. Let o be u(g). Calculate the g